-1302
In base 7, what is 1304 + 162?
1466
In base 16, what is -9868 + -1?
-9869
In base 11, what is -9a4 + 1866?
972
In base 2, what is 11111010010000100 - 11?
11111010010000001
In base 6, what is 550105 + 3?
550112
In base 13, what is -9 + -327b?
-3287
In base 13, what is -1a91 + 0?
-1a91
In base 14, what is a25a - -1c?
a278
In base 14, what is -13 - -d?
-4
In base 9, what is -2786 + 75?
-2711
In base 10, what is -157 + 112?
-45
In base 10, what is 535 + 156?
691
In base 13, what is 2324 + -11?
2313
In base 11, what is 2 - -80021?
80023
In base 13, what is 12 - -2b3?
2c5
In base 15, what is 0 + 491d?
491d
In base 14, what is 45573 + -d?
45564
In base 12, what is -a10 + -12a?
-b3a
In base 8, what is -1 + 335427?
335426
In base 5, what is -121234 + 102?
-121132
In base 13, what is c521 - 5?
c519
In base 12, what is -18 - 25501?
-25519
In base 4, what is 10 - 132020233?
-132020223
In base 14, what is 431 + -a7?
368
In base 12, what is -33a - 699b?
-7119
In base 7, what is -6 - 3045526?
-3045535
In base 5, what is 220043 + 120?
220213
In base 14, what is -1745b09 - 3?
-1745b0c
In base 7, what is 26010 + 5?
26015
In base 14, what is 1a670b + -1?
1a670a
In base 2, what is -101001100001000000 + -11?
-101001100001000011
In base 9, what is 2 + 53612?
53614
In base 8, what is -200520 - 12?
-200532
In base 4, what is -3 - -11232333031?
11232333022
In base 11, what is -164 + 56a?
406
In base 15, what is -1b49 + 74?
-1ac5
In base 11, what is -155 - -4712?
4568
In base 3, what is -100112 - -10202102?
10101220
In base 7, what is -10 - 1455624?
-1455634
In base 6, what is -1035 + 13324?
12245
In base 3, what is -2121002200 + 0?
-2121002200
In base 4, what is 121 + 332201130?
332201311
In base 14, what is 3 - -29c9?
29cc
In base 3, what is 21011120102112 + 0?
21011120102112
In base 4, what is -1013031 + 22?
-1013003
In base 8, what is 125 - -1?
126
In base 5, what is 1 - 2133?
-2132
In base 9, what is 51 + 4126?
4177
In base 4, what is 21331 + -20032?
1233
In base 16, what is -8c550 - 0?
-8c550
In base 5, what is -112330 + -22?
-112402
In base 8, what is -11 + -26563?
-26574
In base 7, what is 106124413 - 5?
106124405
In base 11, what is -14 - -831?
818
In base 7, what is 433 - 1466?
-1033
In base 3, what is -2221110 - 1001?
-2222111
In base 13, what is -10720 + 2?
-1071b
In base 15, what is 7d5 + -a?
7ca
In base 6, what is -1305 + -113?
-1422
In base 8, what is 3 - -5257711?
5257714
In base 8, what is 5723 - -613?
6536
In base 7, what is 62 + 336466?
336561
In base 11, what is -2a9057 - 1?
-2a9058
In base 7, what is 1046 - 3?
1043
In base 5, what is -420210130 - -4?
-420210121
In base 12, what is 3370 - -9?
3379
In base 3, what is -1221102 - -211?
-1220121
In base 15, what is 21 - 16c3c?
-16c1b
In base 16, what is -4 - -4f86f?
4f86b
In base 16, what is 3 - 9c4a?
-9c47
In base 13, what is 9 - 5502?
-54c6
In base 4, what is -10 + 21230222?
21230212
In base 4, what is 10122210 + 323?
10123133
In base 4, what is -3232 + 200?
-3032
In base 6, what is 4040 + -2?
4034
In base 9, what is -435 + -24?
-460
In base 16, what is -3ce + -5d?
-42b
In base 4, what is 2000112 - -3323?
2010101
In base 5, what is 10 - 202004124?
-202004114
In base 15, what is -dd6a6 - -3?
-dd6a3
In base 5, what is -32402 - -42?
-32310
In base 11, what is -6 - 1788a?
-17895
In base 3, what is 120020 - -110100012?
110220102
In base 2, what is -11 - 1111010111011010?
-1111010111011101
In base 4, what is -220 - -102223?
102003
In base 10, what is 35536 + -3?
35533
In base 8, what is -20225507 - 2?
-20225511
In base 15, what is -1 + -3a5ab?
-3a5ac
In base 13, what is 407 + 14a?
554
In base 7, what is -15501 - 5?
-15506
In base 6, what is 113 + 53213?
53330
In base 3, what is 212 - 10121211?
-10120222
In base 8, what is -15711 - 53?
-15764
In base 9, what is -108455 + 6?
-108448
In base 5, what is -10 - -3410?
3400
In base 3, what is 121 + -110100020?
-110022122
In base 9, what is -6331 + 7?
-6323
In base 10, what is 12548 - 70?
12478
In base 3, what is 102201010 - 102?
102200201
In base 6, what is 3211423 - -4?
3211431
In base 15, what is -2697 - 37?
-26ce
In base 13, what is 5 - 22743?
-2273b
In base 3, what is -100020022 + -10?
-100020102
In base 3, what is 10 + -22201120?
-22201110
In base 13, what is -1 + ab8?
ab7
In base 5, what is -432043400 - 2?
-432043402
In base 3, what is 111002210202 - 0?
111002210202
In base 10, what is -2 + -14822?
-14824
In base 2, what is -111 - -110111110100011000?
110111110100010001
In base 4, what is -1302210 + 3010?
-1233200
In base 13, what is -4 - -6ab12?
6ab0b
In base 2, what is -101101000011100000000 - -101?
-101101000011011111011
In base 13, what is bb9 + a?
bc6
In base 11, what is -6757 + -655?
-7301
In base 12, what is -430a - 4?
-4312
In base 10, what is 0 + -20114?
-20114
In base 13, what is b6 + 5c1?
6a7
In base 8, what is 61132 - 3?
61127
In base 16, what is 14 - 212?
-1fe
In base 6, what is 140 - 2105?
-1525
In base 7, what is 44102 + 0?
44102
In base 3, what is -1122211 - 2001102?
-10201020
In base 6, what is -410 + -5325?
-10135
In base 4, what is -313 - -20010?
13031
In base 14, what is 11a8 + a?
11b4
In base 11, what is -30 + 3a?
a
In base 12, what is 28694 + 1?
28695
In base 11, what is 1 + -1a268?
-1a267
In base 16, what is 8 - -570a?
5712
In base 8, what is 2 + 1250?
1252
In base 5, what is 32303 + -412?
31341
In base 15, what is -32024 + -1?
-32025
In base 7, what is -1032 + -4134?
-5166
In base 14, what is ab + 4c17?
4cc4
In base 8, what is 201 + -1313?
-1112
In base 2, what is 111000001010 - -111001?
111001000011
In base 7, what is -32506464 + -1?
-32506465
In base 13, what is 9027 + 4?
902b
In base 12, what is 5 + 15151?
15156
In base 4, what is -11 + 1332?
1321
In base 7, what is 6 - -4425626?
4425635
In base 9, what is 22763 + 16?
22780
In base 11, what is -56 + -59?
-104
In base 2, what is -1111001010101 - 10?
-1111001010111
In base 3, what is 1 + 1121111?
1121112
In base 15, what is -924 + 10?
-914
In base 13, what is 4 + 1573b6?
1573ba
In base 6, what is -25154 - 15?
-25213
In base 10, what is -633 - 89?
-722
In base 13, what is 111 + 66?
177
In base 7, what is 23010 - -44?
23054
In base 9, what is 2 - 138570?
-138567
In base 14, what is 4 + -138b93?
-138b8d
In base 12, what is 40a3 - -4?
40a7
In base 13, what is -299 + -268?
-534
In base 14, what is 7 + -c6c?
-c65
In base 8, what is 6244 - 456?
5566
In base 4, what is 10020 + 123232?
133312
In base 12, what is 39b2 - 13?
399b
In base 13, what is -93 + -10a0?
-1163
In base 9, what is 4313 - -30?
4343
In base 7, what is 42 - 111651?
-111606
In base 12, what is 10587 + -5?
10582
In base 13, what is 7 - -71065?
7106c
In base 15, what is -1 - -21e34?
21e33
In base 12, what is 19 - -67393?
673b0
In base 9, what is -44253 - 1?
-44254
In base 13, what is 27 - 147?
-120
In base 6, what is -33434 + -155?
-34033
In base 6, what is -103232 - -3?
-103225
In base 12, what is -41240 + 2?
-4123a
In base 6, what is -3 + 14303225?
14303222
In base 10, what is -32987 + 3?
-32984
In base 15, what is -3d4 - 130b?
-16e0
In base 8, what is 32 + -23?
7
In base 6, what is -553 + -345?
-1342
In base 6, what is 1 - -523333?
523334
In base 16, what is -1f - 1646?
-1665
In base 11, what is -13195 + 17?
-13179
In base 11, what is -41998 + -1?
-41999
In base 2, what is -11 + -10001110000110011?
-10001110000110110
In base 3, what is 221 + 101001221?
101002212
In base 7, what is -5 + -25633?
-25641
In base 5, what is 1 + -22121?
-22120
In base 10, what is -6 + -111130?
-111136
In base 10, what is -241 - -119?
-122
In base 13, what is -93 + 11103?
11040
In base 6, what is -2 + -444510?
-444512
In base 3, what is -1000101201121 + -1?
-1000101201122
In base 13, what is -7 + 2502b?
25024
In base 4, what is 0 + 10213320?
10213320
In base 8, what is 2 + 1613516?
1613520
In base 14, what is 3b - -120a6?
12103
In base 8, what is -321 - 1157?
-1500
In base 9, what is 5722 - 504?
5217
In base 11, what is -3 + 35632?
3562a
In base 16, what is -2 - 25fa?
-25fc
In base 8, what is -14354 + 3?
-14351
In base 11, what is -18 - -26025?
26008
In base 15, what is 47e + -56c?
-dd
In base 12, what is -185 - -40?
-145
In base 10, what is 157 - 29?
128
In base 3, what is -2001021100 + -21?
-2001021121
In base 7, what is 610 - -12160?
